{"id":9,"date":"2025-08-17T11:01:53","date_gmt":"2025-08-17T11:01:53","guid":{"rendered":"https:\/\/www.otonodecoration.com\/index.php\/sepet\/"},"modified":"2025-08-19T13:06:04","modified_gmt":"2025-08-19T10:06:04","slug":"sepet","status":"publish","type":"page","link":"https:\/\/www.otonodecoration.com\/index.php\/sepet\/","title":{"rendered":"Sepet"},"content":{"rendered":"\n<div data-block-name=\"woocommerce\/cart\" class=\"wp-block-woocommerce-cart alignwide is-loading\">\n<div data-block-name=\"woocommerce\/filled-cart-block\" class=\"wp-block-woocommerce-filled-cart-block\">\n<div data-block-name=\"woocommerce\/cart-items-block\" class=\"wp-block-woocommerce-cart-items-block\">\n<div data-block-name=\"woocommerce\/cart-line-items-block\" class=\"wp-block-woocommerce-cart-line-items-block\"><\/div>\n\n\n\n<div data-block-name=\"woocommerce\/cart-cross-sells-block\" class=\"wp-block-woocommerce-cart-cross-sells-block\">\n<h2 class=\"wp-block-heading has-large-font-size\">\u0130lginizi \u00e7ekebilir\u2026<\/h2>\n\n\n\n<div data-block-name=\"woocommerce\/cart-cross-sells-products-block\" class=\"wp-block-woocommerce-cart-cross-sells-products-block\"><\/div>\n<\/div>\n<\/div>\n\n\n\n<div data-block-name=\"woocommerce\/cart-totals-block\" class=\"wp-block-woocommerce-cart-totals-block\">\n<div data-block-name=\"woocommerce\/cart-order-summary-block\" class=\"wp-block-woocommerce-cart-order-summary-block\">\n<div data-block-name=\"woocommerce\/cart-order-summary-heading-block\" class=\"wp-block-woocommerce-cart-order-summary-heading-block\"><\/div><div data-block-name=\"woocommerce\/cart-order-summary-coupon-form-block\" class=\"wp-block-woocommerce-cart-order-summary-coupon-form-block\"><\/div><div data-block-name=\"woocommerce\/cart-order-summary-totals-block\" class=\"wp-block-woocommerce-cart-order-summary-totals-block\">\n<div data-block-name=\"woocommerce\/cart-order-summary-subtotal-block\" class=\"wp-block-woocommerce-cart-order-summary-subtotal-block\"><\/div>\n<div data-block-name=\"woocommerce\/cart-order-summary-discount-block\" class=\"wp-block-woocommerce-cart-order-summary-discount-block\"><\/div>\n<div data-block-name=\"woocommerce\/cart-order-summary-fee-block\" class=\"wp-block-woocommerce-cart-order-summary-fee-block\"><\/div>\n<div data-block-name=\"woocommerce\/cart-order-summary-shipping-block\" class=\"wp-block-woocommerce-cart-order-summary-shipping-block\"><\/div>\n<div data-block-name=\"woocommerce\/cart-order-summary-taxes-block\" class=\"wp-block-woocommerce-cart-order-summary-taxes-block\"><\/div><\/div>\n<\/div>\n\n\n\n<div data-block-name=\"woocommerce\/cart-express-payment-block\" class=\"wp-block-woocommerce-cart-express-payment-block\"><\/div>\n\n\n\n<div data-block-name=\"woocommerce\/proceed-to-checkout-block\" class=\"wp-block-woocommerce-proceed-to-checkout-block\"><\/div>\n\n\n\n<div data-block-name=\"woocommerce\/cart-accepted-payment-methods-block\" class=\"wp-block-woocommerce-cart-accepted-payment-methods-block\"><\/div>\n<\/div>\n<\/div>\n\n\n\n<div data-block-name=\"woocommerce\/empty-cart-block\" class=\"wp-block-woocommerce-empty-cart-block\">\n<h2 class=\"wp-block-heading has-text-align-center with-empty-cart-icon wc-block-cart__empty-cart__title\">Sepetiniz \u015fu anda bo\u015f!<\/h2>\n\n\n\n<hr class=\"wp-block-separator has-alpha-channel-opacity is-style-dots\"\/>\n\n\n\n<h2 class=\"wp-block-heading has-text-align-center\">Ma\u011fazada yeni<\/h2>\n\n\n<div data-block-name=\"woocommerce\/product-new\" data-columns=\"4\" data-rows=\"1\" class=\"wc-block-grid wp-block-product-new wp-block-woocommerce-product-new wc-block-product-new has-4-columns\"><ul class=\"wc-block-grid__products\"><li class=\"wc-block-grid__product add-to-wishlist-before_image\"><div class=\"yith-add-to-wishlist-button-block\" data-product-id=\"109\" data-attributes=\"{&quot;kind&quot;:&quot;button&quot;}\"><\/div><a href=\"https:\/\/www.otonodecoration.com\/index.php\/urun\/dekoratif-vazo-set\/\" class=\"wc-block-grid__product-link\">\n\t\t\t\t\t\n\t\t\t\t\t<div class=\"wc-block-grid__product-image\"><img fetchpriority=\"high\" decoding=\"async\" width=\"300\" height=\"300\" src=\"https:\/\/www.otonodecoration.com\/wp-content\/uploads\/2025\/08\/WhatsApp-Gorsel-2025-07-31-saat-16.29.35_2b294e00-300x300.jpg\" class=\"attachment-woocommerce_thumbnail size-woocommerce_thumbnail\" alt=\"Dekoratif Vazo Set\" srcset=\"https:\/\/www.otonodecoration.com\/wp-content\/uploads\/2025\/08\/WhatsApp-Gorsel-2025-07-31-saat-16.29.35_2b294e00-300x300.jpg 300w, https:\/\/www.otonodecoration.com\/wp-content\/uploads\/2025\/08\/WhatsApp-Gorsel-2025-07-31-saat-16.29.35_2b294e00-150x150.jpg 150w, https:\/\/www.otonodecoration.com\/wp-content\/uploads\/2025\/08\/WhatsApp-Gorsel-2025-07-31-saat-16.29.35_2b294e00-100x100.jpg 100w\" sizes=\"(max-width: 300px) 100vw, 300px\" \/><\/div>\n\t\t\t\t\t<div class=\"wc-block-grid__product-title\">Dekoratif Vazo Set<\/div>\n\t\t\t\t<\/a>\n\t\t\t\t<div class=\"wc-block-grid__product-price price\"><span class=\"woocommerce-Price-amount amount\"><span class=\"woocommerce-Price-currencySymbol\">&#8378;<\/span>200,00<\/span><\/div>\n\t\t\t\t\n\t\t\t\t<div class=\"wp-block-button wc-block-grid__product-add-to-cart\"><a href=\"\/index.php\/wp-json\/wp\/v2\/pages\/9?add-to-cart=109\" aria-label=\"Sepete ekle: \u201cDekoratif Vazo Set\u201d\" data-quantity=\"1\" data-product_id=\"109\" data-product_sku=\"dkrtvaz2\" data-price=\"200\" rel=\"nofollow\" class=\"wp-block-button__link  add_to_cart_button ajax_add_to_cart\">Sepete Ekle<\/a><\/div>\n\t\t\t\t<a\r\n\t\thref=\"https:\/\/www.otonodecoration.com?action=yith-woocompare-add-product&#038;id=109\"\r\n\t\tclass=\"compare button  \"\r\n\t\tdata-product_id=\"109\"\r\n\t\ttarget=\"_self\"\r\n\t\trel=\"nofollow\"\r\n\t>\r\n\t\t\t\t<span class=\"label\">\r\n\t\t\tKar\u015f\u0131la\u015ft\u0131r\t\t<\/span>\r\n\t<\/a>\r\n<\/li><li class=\"wc-block-grid__product add-to-wishlist-before_image\"><div class=\"yith-add-to-wishlist-button-block\" data-product-id=\"106\" data-attributes=\"{&quot;kind&quot;:&quot;button&quot;}\"><\/div><a href=\"https:\/\/www.otonodecoration.com\/index.php\/urun\/dekoratif-ay-tabak\/\" class=\"wc-block-grid__product-link\">\n\t\t\t\t\t\n\t\t\t\t\t<div class=\"wc-block-grid__product-image\"><img decoding=\"async\" width=\"300\" height=\"300\" src=\"https:\/\/www.otonodecoration.com\/wp-content\/uploads\/2025\/08\/WhatsApp-Gorsel-2025-07-31-saat-16.25.50_54f29d61-300x300.jpg\" class=\"attachment-woocommerce_thumbnail size-woocommerce_thumbnail\" alt=\"Dekoratif Ay Tabak\" srcset=\"https:\/\/www.otonodecoration.com\/wp-content\/uploads\/2025\/08\/WhatsApp-Gorsel-2025-07-31-saat-16.25.50_54f29d61-300x300.jpg 300w, https:\/\/www.otonodecoration.com\/wp-content\/uploads\/2025\/08\/WhatsApp-Gorsel-2025-07-31-saat-16.25.50_54f29d61-150x150.jpg 150w, https:\/\/www.otonodecoration.com\/wp-content\/uploads\/2025\/08\/WhatsApp-Gorsel-2025-07-31-saat-16.25.50_54f29d61-13x12.jpg 13w, https:\/\/www.otonodecoration.com\/wp-content\/uploads\/2025\/08\/WhatsApp-Gorsel-2025-07-31-saat-16.25.50_54f29d61-100x100.jpg 100w\" sizes=\"(max-width: 300px) 100vw, 300px\" \/><\/div>\n\t\t\t\t\t<div class=\"wc-block-grid__product-title\">Dekoratif Ay Tabak<\/div>\n\t\t\t\t<\/a>\n\t\t\t\t<div class=\"wc-block-grid__product-price price\"><span class=\"woocommerce-Price-amount amount\"><span class=\"woocommerce-Price-currencySymbol\">&#8378;<\/span>250,00<\/span><\/div>\n\t\t\t\t\n\t\t\t\t<div class=\"wp-block-button wc-block-grid__product-add-to-cart\"><a href=\"\/index.php\/wp-json\/wp\/v2\/pages\/9?add-to-cart=106\" aria-label=\"Sepete ekle: \u201cDekoratif Ay Tabak\u201d\" data-quantity=\"1\" data-product_id=\"106\" data-product_sku=\"dkrttbk1\" data-price=\"250\" rel=\"nofollow\" class=\"wp-block-button__link  add_to_cart_button ajax_add_to_cart\">Sepete Ekle<\/a><\/div>\n\t\t\t\t<a\r\n\t\thref=\"https:\/\/www.otonodecoration.com?action=yith-woocompare-add-product&#038;id=106\"\r\n\t\tclass=\"compare button  \"\r\n\t\tdata-product_id=\"106\"\r\n\t\ttarget=\"_self\"\r\n\t\trel=\"nofollow\"\r\n\t>\r\n\t\t\t\t<span class=\"label\">\r\n\t\t\tKar\u015f\u0131la\u015ft\u0131r\t\t<\/span>\r\n\t<\/a>\r\n<\/li><li class=\"wc-block-grid__product add-to-wishlist-before_image\"><div class=\"yith-add-to-wishlist-button-block\" data-product-id=\"104\" data-attributes=\"{&quot;kind&quot;:&quot;button&quot;}\"><\/div><a href=\"https:\/\/www.otonodecoration.com\/index.php\/urun\/modern-minimal-dekoratif-beyaz-vazo\/\" class=\"wc-block-grid__product-link\">\n\t\t\t\t\t\n\t\t\t\t\t<div class=\"wc-block-grid__product-image\"><img decoding=\"async\" width=\"300\" height=\"300\" src=\"https:\/\/www.otonodecoration.com\/wp-content\/uploads\/2025\/08\/WhatsApp-Gorsel-2025-07-31-saat-16.22.30_af00b5e1-300x300.jpg\" class=\"attachment-woocommerce_thumbnail size-woocommerce_thumbnail\" alt=\"Modern Minimal Dekoratif Beyaz Vazo\" srcset=\"https:\/\/www.otonodecoration.com\/wp-content\/uploads\/2025\/08\/WhatsApp-Gorsel-2025-07-31-saat-16.22.30_af00b5e1-300x300.jpg 300w, https:\/\/www.otonodecoration.com\/wp-content\/uploads\/2025\/08\/WhatsApp-Gorsel-2025-07-31-saat-16.22.30_af00b5e1-150x150.jpg 150w, https:\/\/www.otonodecoration.com\/wp-content\/uploads\/2025\/08\/WhatsApp-Gorsel-2025-07-31-saat-16.22.30_af00b5e1-13x12.jpg 13w, https:\/\/www.otonodecoration.com\/wp-content\/uploads\/2025\/08\/WhatsApp-Gorsel-2025-07-31-saat-16.22.30_af00b5e1-100x100.jpg 100w\" sizes=\"(max-width: 300px) 100vw, 300px\" \/><\/div>\n\t\t\t\t\t<div class=\"wc-block-grid__product-title\">Modern Minimal Dekoratif Beyaz Vazo<\/div>\n\t\t\t\t<\/a>\n\t\t\t\t<div class=\"wc-block-grid__product-price price\"><span class=\"woocommerce-Price-amount amount\"><span class=\"woocommerce-Price-currencySymbol\">&#8378;<\/span>200,00<\/span><\/div>\n\t\t\t\t\n\t\t\t\t<div class=\"wp-block-button wc-block-grid__product-add-to-cart\"><a href=\"\/index.php\/wp-json\/wp\/v2\/pages\/9?add-to-cart=104\" aria-label=\"Sepete ekle: \u201cModern Minimal Dekoratif Beyaz Vazo\u201d\" data-quantity=\"1\" data-product_id=\"104\" data-product_sku=\"dkrtvaz1\" data-price=\"200\" rel=\"nofollow\" class=\"wp-block-button__link  add_to_cart_button ajax_add_to_cart\">Sepete Ekle<\/a><\/div>\n\t\t\t\t<a\r\n\t\thref=\"https:\/\/www.otonodecoration.com?action=yith-woocompare-add-product&#038;id=104\"\r\n\t\tclass=\"compare button  \"\r\n\t\tdata-product_id=\"104\"\r\n\t\ttarget=\"_self\"\r\n\t\trel=\"nofollow\"\r\n\t>\r\n\t\t\t\t<span class=\"label\">\r\n\t\t\tKar\u015f\u0131la\u015ft\u0131r\t\t<\/span>\r\n\t<\/a>\r\n<\/li><li class=\"wc-block-grid__product add-to-wishlist-before_image\"><div class=\"yith-add-to-wishlist-button-block\" data-product-id=\"98\" data-attributes=\"{&quot;kind&quot;:&quot;button&quot;}\"><\/div><a href=\"https:\/\/www.otonodecoration.com\/index.php\/urun\/dekoratif-vazo-tabak-set\/\" class=\"wc-block-grid__product-link\">\n\t\t\t\t\t\n\t\t\t\t\t<div class=\"wc-block-grid__product-image\"><img loading=\"lazy\" decoding=\"async\" width=\"300\" height=\"300\" src=\"https:\/\/www.otonodecoration.com\/wp-content\/uploads\/2025\/08\/WhatsApp-Gorsel-2025-07-31-saat-13.28.36_19db734e-300x300.jpg\" class=\"attachment-woocommerce_thumbnail size-woocommerce_thumbnail\" alt=\"Dekoratif Vazo Tabak Set\" srcset=\"https:\/\/www.otonodecoration.com\/wp-content\/uploads\/2025\/08\/WhatsApp-Gorsel-2025-07-31-saat-13.28.36_19db734e-300x300.jpg 300w, https:\/\/www.otonodecoration.com\/wp-content\/uploads\/2025\/08\/WhatsApp-Gorsel-2025-07-31-saat-13.28.36_19db734e-150x150.jpg 150w, https:\/\/www.otonodecoration.com\/wp-content\/uploads\/2025\/08\/WhatsApp-Gorsel-2025-07-31-saat-13.28.36_19db734e-11x12.jpg 11w, https:\/\/www.otonodecoration.com\/wp-content\/uploads\/2025\/08\/WhatsApp-Gorsel-2025-07-31-saat-13.28.36_19db734e-100x100.jpg 100w\" sizes=\"(max-width: 300px) 100vw, 300px\" \/><\/div>\n\t\t\t\t\t<div class=\"wc-block-grid__product-title\">Dekoratif Vazo Tabak Set<\/div>\n\t\t\t\t<\/a>\n\t\t\t\t<div class=\"wc-block-grid__product-price price\"><span class=\"woocommerce-Price-amount amount\"><span class=\"woocommerce-Price-currencySymbol\">&#8378;<\/span>200,00<\/span><\/div>\n\t\t\t\t\n\t\t\t\t<div class=\"wp-block-button wc-block-grid__product-add-to-cart\"><a href=\"\/index.php\/wp-json\/wp\/v2\/pages\/9?add-to-cart=98\" aria-label=\"Sepete ekle: \u201cDekoratif Vazo Tabak Set\u201d\" data-quantity=\"1\" data-product_id=\"98\" data-product_sku=\"dkrtvztb1\" data-price=\"200\" rel=\"nofollow\" class=\"wp-block-button__link  add_to_cart_button ajax_add_to_cart\">Sepete Ekle<\/a><\/div>\n\t\t\t\t<a\r\n\t\thref=\"https:\/\/www.otonodecoration.com?action=yith-woocompare-add-product&#038;id=98\"\r\n\t\tclass=\"compare button  \"\r\n\t\tdata-product_id=\"98\"\r\n\t\ttarget=\"_self\"\r\n\t\trel=\"nofollow\"\r\n\t>\r\n\t\t\t\t<span class=\"label\">\r\n\t\t\tKar\u015f\u0131la\u015ft\u0131r\t\t<\/span>\r\n\t<\/a>\r\n<\/li><\/ul><\/div><\/div>\n<\/div>\n","protected":false},"excerpt":{"rendered":"","protected":false},"author":1,"featured_media":0,"parent":0,"menu_order":0,"comment_status":"closed","ping_status":"closed","template":"","meta":{"footnotes":""},"class_list":["post-9","page","type-page","status-publish","hentry"],"_links":{"self":[{"href":"https:\/\/www.otonodecoration.com\/index.php\/wp-json\/wp\/v2\/pages\/9","targetHints":{"allow":["GET"]}}],"collection":[{"href":"https:\/\/www.otonodecoration.com\/index.php\/wp-json\/wp\/v2\/pages"}],"about":[{"href":"https:\/\/www.otonodecoration.com\/index.php\/wp-json\/wp\/v2\/types\/page"}],"author":[{"embeddable":true,"href":"https:\/\/www.otonodecoration.com\/index.php\/wp-json\/wp\/v2\/users\/1"}],"replies":[{"embeddable":true,"href":"https:\/\/www.otonodecoration.com\/index.php\/wp-json\/wp\/v2\/comments?post=9"}],"version-history":[{"count":1,"href":"https:\/\/www.otonodecoration.com\/index.php\/wp-json\/wp\/v2\/pages\/9\/revisions"}],"predecessor-version":[{"id":139,"href":"https:\/\/www.otonodecoration.com\/index.php\/wp-json\/wp\/v2\/pages\/9\/revisions\/139"}],"wp:attachment":[{"href":"https:\/\/www.otonodecoration.com\/index.php\/wp-json\/wp\/v2\/media?parent=9"}],"curies":[{"name":"wp","href":"https:\/\/api.w.org\/{rel}","templated":true}]}}